c24a6?
2cc24a1
In base 5, what is 3140 - -1144203?
1202343
In base 10, what is 5 + -52154363?
-52154358
In base 8, what is -135 + -1636?
-1773
In base 6, what is -242454 - 200?
-243054
In base 5, what is 124023 - -1410?
130433
In base 12, what is -5 + -126b5761?
-126b5766
In base 14, what is -131 - -d9870?
d973d
In base 13, what is 17a7191a + 5?
17a71922
In base 14, what is -2607 + -34d?
-2956
In base 8, what is -1102 + 141017?
137715
In base 8, what is 40 + 20620?
20660
In base 9, what is -2753 - -61258?
57405
In base 8, what is -2 + 175557245?
175557243
In base 2, what is -10110000000011000001 - 11100?
-10110000000011011101
In base 16, what is 5 - 55d563?
-55d55e
In base 13, what is 20 + 28b817?
28b837
In base 6, what is 0 - 101053054?
-101053054
In base 4, what is 13 - 3112303130?
-3112303111
In base 14, what is 27443 - 2c1?
27162
In base 2, what is 110011110110 + -1110100001000?
-1000000010010
In base 7, what is 3406 + -33202?
-26463
In base 8, what is 4761236 - 13?
4761223
In base 15, what is 452d62 - 16?
452d4b
In base 11, what is -2905963 + -18?
-2905980
In base 6, what is -3 - -123325430?
123325423
In base 8, what is 6 - 2055165?
-2055157
In base 4, what is -231330022201 + 21?
-231330022120
In base 12, what is -155281a - 5?
-1552823
In base 14, what is -290c + -9cc?
-34da
In base 15, what is 1b7 - -149307?
1494be
In base 10, what is -3079643 + 20?
-3079623
In base 2, what is 100011000111000001110110111 - -10?
100011000111000001110111001
In base 2, what is -1000010101010100110011001 + -101?
-1000010101010100110011110
In base 12, what is 6 + -1846420?
-1846416
In base 14, what is 12 - -18d75c?
18d770
In base 9, what is -14267 - -7016?
-6251
In base 13, what is 119b22 + 10?
119b32
In base 9, what is -21402 - 8373?
-30775
In base 3, what is -1 + 10010201020011212?
10010201020011211
In base 12, what is 3 - 5b948b?
-5b9488
In base 13, what is -a09a697 - -5?
-a09a692
In base 9, what is 1074 - 485776?
-484702
In base 9, what is -73800 - -4137?
-68652
In base 7, what is 4123506130 - 5?
4123506122
In base 4, what is 1 - -10231200323012?
10231200323013
In base 8, what is -3 + 713247666?
713247663
In base 7, what is -113533442 + -1?
-113533443
In base 8, what is 1567 + -131553?
-127764
In base 13, what is 19bb - 38a96?
-370a8
In base 16, what is 727cb + -e?
727bd
In base 9, what is 3 - -482228101?
482228104
In base 11, what is -29 - -1556a38?
1556a0a
In base 12, what is 88a50 + -1a?
88a32
In base 14, what is -9d64 + 4786?
-55bc
In base 14, what is -1 + -468905?
-468906
In base 2, what is 1001 - 110100110110001100111?
-110100110110001011110
In base 3, what is 10212211220 - 11201?
10212200012
In base 7, what is 1320511011 - 1?
1320511010
In base 2, what is -101 + 10001110010010010010101?
10001110010010010010000
In base 8, what is 14153 - 103?
14050
In base 14, what is -c9 + -12012?
-120db
In base 14, what is 153 + 17710?
17863
In base 3, what is 11002202212 - 102102?
11002100110
In base 16, what is aada - c45?
9e95
In base 9, what is 4 + 188731255?
188731260
In base 13, what is -4 - 6257356?
-625735a
In base 2, what is 1001100100110010001101011 + 10?
1001100100110010001101101
In base 13, what is 5b33 - 8b5?
524b
In base 12, what is 7a05 - 911?
70b4
In base 2, what is 1110101000001001100001111 - 0?
1110101000001001100001111
In base 14, what is -a30 + -b94?
-17c4
In base 5, what is -300033124 + -12?
-300033141
In base 12, what is 2 - -146b193?
146b195
In base 11, what is 876 - -113832?
1145a8
In base 16, what is -182 + 2db44?
2d9c2
In base 15, what is -29a528 - -31?
-29a4e7
In base 3, what is 1110210222100 + -2?
1110210222021
In base 6, what is -1245304214 - -3?
-1245304211
In base 4, what is -10110223221101 + 11?
-10110223221030
In base 8, what is -6401 + -2101?
-10502
In base 8, what is 13 - -5407454?
5407467
In base 12, what is 113 - 3a287a?
-3a2767
In base 2, what is -110011101000101110110110 - -10?
-110011101000101110110100
In base 5, what is 14321 - -40221033?
40240404
In base 14, what is -851 + 46cc?
3c7b
In base 16, what is 1 - 1f6dbbe?
-1f6dbbd
In base 4, what is -11 + 13332233133201?
13332233133130
In base 10, what is 5 + -1892242?
-1892237
In base 4, what is 121221112103 + -3?
121221112100
In base 16, what is f16c3 - 71e?
f0fa5
In base 8, what is 34 + 6642236?
6642272
In base 2, what is 1000100001100010 + 110100011100?
1001010101111110
In base 4, what is 3233310003 + 1?
3233310010
In base 12, what is 11bb6 - 4598?
961a
In base 16, what is -4d1 + de027?
ddb56
In base 15, what is -3d5 + -a1e05?
-a22da
In base 2, what is -111011101111100 + 10111000000100?
-100100101111000
In base 3, what is -202 + -12000220220100?
-12000220221002
In base 6, what is -12434530344 - 2?
-12434530350
In base 2, what is 110010110 - 110001010010010?
-110000011111100
In base 4, what is -111331333322 - -1?
-111331333321
In base 9, what is -231 - -182741?
182510
In base 6, what is -1 - -11121203?
11121202
In base 5, what is 342 - 444430432?
-444430040
In base 10, what is -5226479 - 4?
-5226483
In base 14, what is -2856a02 - -2?
-2856a00
In base 16, what is 4a4b + -27?
4a24
In base 3, what is 1101 + -102121020002021?
-102121020000220
In base 5, what is 34 - 1122302023?
-1122301434
In base 11, what is -128912139 + -5?
-128912143
In base 14, what is -4 - -3cc36d?
3cc369
In base 5, what is -433 - 1010204?
-1011142
In base 7, what is 216 + 12166021?
12166240
In base 2, what is -10100110110110110011100 + 1100?
-10100110110110110010000
In base 16, what is -27 + -3cbc?
-3ce3
In base 3, what is 11 - 2121122010001?
-2121122002220
In base 16, what is -d5d5fd + -5?
-d5d602
In base 12, what is b74187 - 2?
b74185
In base 5, what is -1224 + 2234302?
2233023
In base 14, what is 0 + -187aa6b?
-187aa6b
In base 8, what is -21320665 + 114?
-21320551
In base 5, what is 413214323 - 140?
413214133
In base 11, what is -97394 - -39?
-97356
In base 15, what is 3d7 + 2ba73?
2be5a
In base 7, what is -12163 - 1634416?
-1646612
In base 16, what is -57fe260 - -4?
-57fe25c
In base 15, what is 18e2b25 + -17?
18e2b0d
In base 8, what is -10023 - -10315?
272
In base 10, what is -219494 + 230?
-219264
In base 6, what is -213 - -21304241?
21304024
In base 12, what is 405b21 - b?
405b12
In base 14, what is -bd8cc8 - -5?
-bd8cc3
In base 14, what is a2649 - -17?
a2662
In base 2, what is 101 + -11100110111111100100000101?
-11100110111111100100000000
In base 4, what is -1321121 - 2023?
-1323210
In base 15, what is -6 + 67e7332?
67e732b
In base 11, what is -16308 - 442?
-1674a
In base 3, what is -201222 - 2201022202?
-2202001201
In base 14, what is a - c5d356?
-c5d34a
In base 7, what is 1 + -212644504?
-212644503
In base 9, what is -16113407 - -61?
-16113336
In base 6, what is -4 + -25051445?
-25051453
In base 8, what is -117 - -7757431?
7757312
In base 2, what is -1100110000011 + 101100110?
-1100000011101
In base 5, what is 130124421233 - -4?
130124421242
In base 7, what is -4614 + -3036261?
-3044205
In base 3, what is -20220 + 11021011200212?
11021011102222
In base 12, what is 9b - -48b7?
4996
In base 3, what is -22 + -10021102110110?
-10021102110202
In base 6, what is 123253 + 21513?
145210
In base 6, what is -1024004 + 4245?
-1015315
In base 11, what is -a + -129283?
-129292
In base 12, what is 5648765a - 0?
5648765a
In base 8, what is -30 + 7255224?
7255174
In base 9, what is -778823787 - -4?
-778823783
In base 13, what is -2509ac2 - 47?
-2509b39
In base 2, what is 1011010110100 - -1010110?
1011100001010
In base 6, what is -150 - 335454003?
-335454153
In base 15, what is b6d9 - -5128?
11812
In base 4, what is 330300 - -133030021?
200020321
In base 16, what is 17 - -1e813a6?
1e813bd
In base 7, what is 301333 - 31556?
236444
In base 15, what is -b - 1089b?
-108a7
In base 2, what is 11010011 + -101111000010011100100?
-101111000010000010001
In base 13, what is 64824 + 9?
64830
In base 4, what is 101221013 + 2310?
101223323
In base 5, what is -100422 + -23020?
-123442
In base 15, what is 75 - -996e4?
99769
In base 16, what is -72d - -b29a?
ab6d
In base 5, what is -13 + 4001413411?
4001413343
In base 10, what is 19801438 - -3?
19801441
In base 4, what is 23 + 11011301000?
11011301023
In base 6, what is 112133 - -555?
113132
In base 3, what is 1022 + 2121012110?
2121020202
In base 12, what is -30 + 4b478?
4b44